lue of -20 + (-27 - (-61 + -20 + -13))?
47
Calculate 7 + (-173 - -145) + (0 - -16) - (1 + -76).
70
What is -13 + 10 + 4 + (-48 - -44)?
-3
-4 + 4 + -4 + (70 - 81 - (0 + -8))
-7
Evaluate (-41 - (-4 - 31)) + -29.
-35
-8 - (-14 + 144 + -95)
-43
Evaluate 46 - (3 - (-23 + -30)).
-10
What is the value of -1 + -24 + (703 - 708) - -64?
34
-53 + (7 - -46) + -47
-47
Evaluate -1 + 1 + 65 + -20 + -28 + 10 + 13.
40
What is (-6 + 1 - (-37 - -36)) + 12 - 26?
-18
What is -10 + 30 + -7 - ((55 - 45) + -44 + -1)?
48
What is the value of 27 - 84 - (-153 + 116)?
-20
Evaluate 3 + -23 + -33 + 49.
-4
-34 + -4 - (-159 - -117 - -102)
-98
Calculate 7 - (4 + (-15 + -5 - 52)).
75
What is the value of 14757 + -14744 - ((0 - -2) + (-5 - -1))?
15
43 - (15 - ((0 - -27) + -20))
35
9 + 4 + -4 - (-335 + 260) - 13
71
Calculate 4 - 3 - ((42 - 13) + 0 + -1).
-27
What is 21 - (0 - -2) - (520 - 507)?
6
What is the value of 6 + (-3 - (-8 - -10)) - (108 - 93)?
-14
Evaluate -1607 + 1613 + 19 + -1 + 41.
65
-5 - 29 - (66 + -84 - -1)
-17
What is the value of -2 + -9 + (7 - (9 + 28 + 29))?
-70
What is the value of (-67 - (12 + 7 + -34 - -13)) + -6 + 3?
-68
Calculate 331 + -161 - 138 - (0 + 146).
-114
Calculate (2 + 0 + -1 - (-6 + (41 - 31))) + 46.
43
78 + -1 + (-9307 - -9354)
124
What is the value of -496 - -386 - (-20 + -94)?
4
Calculate -13 + 16 + -6 + -5 + -3 + 0 + 6.
-5
Evaluate -29 - (20 - 21 - -14).
-42
-3 - ((77 - 18) + -54)
-8
Evaluate -51 - 5 - (2 - 3 - ((-5 - 6) + 17)).
-49
What is the value of -103 - (0 - 2) - (2901 - 2926)?
-76
What is the value of (149 - 45 - 41) + 0 + 17 - -3?
83
What is 15 - (49 + -47) - (3 + -4)?
14
Calculate -72 + 29 + (17 - (32 + 16)) + 4 + 1.
-69
Evaluate -9030 + 9036 + (8 - -1).
15
Evaluate (1 - 12 - -1) + 66 + -13 + (-9 - 0).
34
7 + (-7 - (-8 + 8)) + -6 + -46
-52
What is the value of (4 - (15 + 23)) + 31 + (0 + 2 - -5)?
4
What is -36 - -101 - 86 - -9?
-12
(18 - -2) + -2 + (23 - -143) + -157
27
43 + (47 + -74 - -37)
53
What is (9 - -2 - 10) + 18 - 14?
5
Calculate 30 + -1 + (-207 + 172 - 21).
-27
Calculate 7 + -3 - (-21 - (27 - 41)) - 0.
11
Calculate (6 - 70) + (35 - (-30 + -2 + 69)).
-66
(-53 - (0 + 2 + 2)) + (-691 - -703)
-45
Calculate (-916 - -1083) + (-115 - -2).
54
(-11 + -3 - -17) + (3 - 6) + 60 + 0
60
Calculate 204 + -72 - (1 + 64).
67
Evaluate -36 + 94 + (-9 - 43).
6
(3 - 3) + -10 - (-4 + 2 + (-81 - -73))
0
Calculate 16 + -14 - (0 + -4 - (-19 - -16)) - -5.
8
Evaluate -10 + (-1 + 1 + 10 - (-5 - (1 + -8))).
-2
What is (-65 - (-42 - 14)) + (14 - 3)?
2
What is the value of 2 - (0 - -108) - ((103 - 44) + -39 + -15)?
-111
Evaluate (-16 - (-38 + 41 + -48)) + (-1 - 1).
27
What is (-15 - 2) + (-74 - -54) + 51?
14
Calculate (-8 + 0 - (0 + (28 - 27))) + 50.
41
What is the value of 72 + 6 + (5 - 11) + 10 + -7 + 3?
78
-4 + (-35 - -38) - ((0 - -1) + -35)
33
What is the value of 114 - 4 - (-35 + 49 - -15)?
81
Calculate 0 + 1 + 12 + 31 + -26 - (358 - 365).
25
(1 - -4 - 5) + -37 + -994 + 994
-37
Calculate -1 + -34 + -1782 + 1857.
40
Evaluate (-7 + -5 - -10 - (-2 + 15)) + -4.
-19
Calculate 40 + 3 + (156 - 220).
-21
Evaluate (1 - 7) + 55 + 114 + -165 + 0 + 62.
60
What is -3 + ((-21 - 20) + -4 - -16)?
-32
What is the value of (5 + -63 - -69) + -15?
-4
What is -73 - ((8 - 35) + 21 - (11 - 2))?
-58
What is the value of 31 - 58 - -6 - -26?
5
Calculate -107 + (91 - 33) + -32 - (-6 - -29).
-104
Evaluate 31 - (7 - (-23 + 8 + 8 + 5)).
22
Calculate 28 + -1 - (-16 + (-12 - -6) + -4 + 22).
31
Calculate -13 - (-9 - -38) - (11 - 25 - -5).
-33
What is the value of (31 + -10 - -60) + -8?
73
What is -38 + 57 + (-26 - 1) + (510 - 512)?
-10
Evaluate -105 + (9 - (10 - 4) - (-70 - -55)).
-87
Evaluate 20 + 26 + (28 - 64).
10
What is 164 + (-32 - (27 - -10))?
95
What is -2 + -31 - (2 + 3 - -1 - 18)?
-21
What is 48 + (-50 - (-41 - -80))?
-41
Evaluate (42 - -59 - 205) + 28.
-76
What is the value of -7 + -9 + 11 + -1 + (22 - -25)?
41
What is (-63 - (5 - (0 - -5))) + -13 + 3 + 14?
-59
Evaluate -1 + 0 + -65 + (-235 + 245 - (-5 - -20)).
-71
Calculate 198 + -210 + 18 + (-80 - 1).
-75
What is (0 - ((1 - 81) + -2)) + (-100 - 135 - -246)?
93
What is the value of 3236 + -3256 + (80 - (1 - 0))?
59
(-3 - (12 - (-3 + 2))) + (-2167 - -2163)
-20
Evaluate -130 + 91 + 15 + -9.
-33
Calculate (37 - ((-5 - -96) + 24)) + 23.
-55
(-42 - -54) + (-5 - -25) - -23
55
Calculate 1888 - 1870 - (14 + -1).
5
What is (-69 - 49) + -71 + 128?
-61
Calculate -93 + 6 - (-2028 + 1895).
46
(47 - -4) + (0 - 21 - (-135 + 130)) + 10
45
What is the value of (0 + 13 - (-84 + 35 - -39)) + -11?
12
Calculate 41 - (-48 + 0 + 90) - (0 - (84 + -1)).
82
Evaluate 25 + (-112 - -123) + (-24 - -1).
13
(-2 - -2) + 3 + (-63 - -62 - -22)
24
What is the value of -10 - 17 - -24 - (-53 - (-5 + 15))?
60
Calculate -2 + 61 + 167 + -185 + 56.
97
Calculate (-10 - (-9 + -4 + -5)) + (-38 - -52).
22
Calculate (118 - (42 + -64)) + (1 - (6 - (-10 + 3))).
128
Evaluate -119 - (-184 + (112 - 136)).
89
What is -139 + (5 + -3 - 1) + 6 + 20 + -18?
-130
(22 - (-2 + 6) - (2 + 2 + 4)) + 69
79
35 + -26 + -18 + -13 + (5 - -1)
-16
Evaluate -118 - (0 - 9) - -27 - 5.
-87
Evaluate 28 + (-4 - -10) + -15 + 2.
21
What is -1 + (4 - 14) + (-12 - 12) + 75?
40
What is -37 - -60 - (-30 - -78)?
-25
What is -54 + -3 + 102 + -66?
-21
Calculate -8 + (-3 - (1 - -5)) + (72 - 20 - 15).
20
(30 - 32) + (-2 - -24) + -90
-70
Calculate -10 + 8 + (-5 - 4) + -18 + 20 + -4.
-13
What is 0 + -71 - (1771 - 1830)?
-12
Evaluate -4 - (-33 - (19 + (4 - 2 - 11))).
39
What is (23 - 17) + 21 - 75?
-48
What is the value of (-1 - -2 - (121 + -134)) + (-8 - 2) + -1?
3
What is 8 + 7 + (-7 - -5 - (-19 - -10))?
22
Calculate 2 + ((7 - -3) + -13 + (18 - 8) - -66).
75
What is 15 + (-10 + 4 + 2 - (92 - 1))?
-80
Calculate (-51 + 62 - -72) + -17.
66
What is the value of 18 + -127 + 69 + 81?
41
What is 0 + -6 + 86 + -23 + (-7 - 28)?
22
Evaluate -47 - -178 - 42 - ((-5 - (-4 + -5)) + 6).
79
Calculate -13 + 25 - (-13 + 1 + -9 + 16).
17
Evaluate 3 + (22 - (-15 + (41 - -13))).
-14
Evaluate -39 + (27 - -64) + -36.
16
Calculate 71 - ((-5 - (17 - 10)) + (-12 - -46)).
49
Calculate (0 - (8 - (6 + 10))) + -4 + (-4 - 2).
-2
Evaluate 0 + -1 + -13 + -24 + -8 + (-1 - 2).
-49
(-38 - -12 - -14 - -19) + (5 - 88)
-76
What is the value of (45 - 53 - 45) + 0?
-53
Evaluate 69 + -72 + 38 - -13.
48
What is the value of -1 - (3 - 6) - (751 - 757)?
8
Evaluate -34 + -1 + (-545 - -541).
-39
Calculate (-128 + 10 - -208) + -143.
-53
Calculate 9 - ((40 - 4) + 7).
-34
Evaluate -43 + -12 + (-17 + 18 - -5).
-49
What is 111 - (-49 + 53 - (-2 + -1)) - (170 + -184)?
118
Calculate (-91 - -124) + (-62 - 1) - 41.
-71
21 - 1 - ((-13 - 25) + 51) - (3 + -13)
17
Calculate -2022 - -1958 - (0 + 0 - 0).
-64
What is the value of -11 - (-1 + -44) - (787 + -836)?
83
What is (11 - (-12 - -13)) + -31 + -16?
-37
What is (36 - -57) + -38 + -3 + -4 + 4 + 7?
59
What is the value of 31 - 39 - ((-19 - 2) + -7)?
20
(-74 - -91) + (-91 - (16 + -8)) + 12
-70
What is -23 + 16 + 27 + (5 - 29)?
-4
What is 149 - 85 - (-9 - -15 - -25)?
33
What is -43 + (1 - -6) + (518 - 496)?
-14
Evaluate -41 + (51 + -31 - (13 + -9)).
-25
Evaluate 16 + -1 + (2 - (-139 + 106)).
50
What is the value of 9 - (6 - ((-8 - -4) + 8 + -134 + 81))?
-46
Calculate -17 + (3 - 42) + 23 - 37.
-70
Calculate (1 - -23) + 5 + (-46 - -23 - -2) + 131.
139
What is the value of (41 - 27) + -18 - (1 + -4 - -8) - -88?
79
Calculate 4 + -32 - (-534 - -532).
-26
Evaluate 0 - (92 - 8 - 40).
-44
What is the value of 10 + -18 - -22 - 20 - -35?
29
What is -9 + (10 + -14 + 9 - 5) - 47?
-56
Calculate (-3 + 56 - (16 + 5 + -12 - 10)) + 11.
65
What is 2006 + -2051 + -10 + 80?
25
(1 - 22) + (7 + 16 - 103) + 132
31
Calculate -1 - (26 - (32 - 14)) - (1 - 58).
48
What is 48 - ((-105 - -153) + 22)?
-22
-51 - (14 + -74 + 32)
-23
Evaluate -8 + -9 - (4 + (25 - 29)) - (1 - -2).
-20
Calculate 45 - 16 - (-2 - 63).
94
Calculate 0 + (-9 - 2) + 38 + 7 + 8.
42
Evaluate -382 - -398 - (-125 + 13).
128
Evaluate -119 + 156 - (103 + -73).
7
What is the value of (11 + -22 - -10) + 7 - 2 - -5 - 11?
-2
What is -95 + 96 - (35 + 2)?
-36
What is the value of -58 - ((-1 - 0) + (9 - 24) + 15 + 2)?
-59
Evaluate (-1 + -71 - 1) + (-22 + 104 + -47 - 21).
-59
What is -3 + -2 + -3 + 3 - (-5 + 0) - 25?
-25
Calculate 3002 + -3023 - (1 + 25).
-47
Calculate -67 + -18 + 